er when 1784 is divided by 875.
34
What is the remainder when 579 is divided by 137?
31
What is the remainder when 1502 is divided by 32?
30
Calculate the remainder when 299 is divided by 75.
74
Calculate the remainder when 229 is divided by 86.
57
What is the remainder when 171 is divided by 8?
3
Calculate the remainder when 1059 is divided by 50.
9
Calculate the remainder when 1619 is divided by 7.
2
What is the remainder when 393 is divided by 58?
45
Calculate the remainder when 466 is divided by 38.
10
What is the remainder when 367 is divided by 120?
7
Calculate the remainder when 5878 is divided by 20.
18
What is the remainder when 246 is divided by 40?
6
Calculate the remainder when 86 is divided by 35.
16
Calculate the remainder when 106 is divided by 45.
16
Calculate the remainder when 192 is divided by 14.
10
Calculate the remainder when 62 is divided by 17.
11
Calculate the remainder when 1520 is divided by 189.
8
Calculate the remainder when 279 is divided by 40.
39
What is the remainder when 81 is divided by 30?
21
What is the remainder when 1493 is divided by 88?
85
Calculate the remainder when 37 is divided by 7.
2
What is the remainder when 12 is divided by 1?
0
What is the remainder when 216 is divided by 52?
8
Calculate the remainder when 2434 is divided by 22.
14
Calculate the remainder when 1246 is divided by 87.
28
What is the remainder when 8637 is divided by 64?
61
What is the remainder when 644 is divided by 109?
99
What is the remainder when 35 is divided by 23?
12
Calculate the remainder when 630 is divided by 185.
75
What is the remainder when 1377 is divided by 28?
5
What is the remainder when 882 is divided by 112?
98
Calculate the remainder when 107 is divided by 28.
23
What is the remainder when 6146 is divided by 58?
56
Calculate the remainder when 681 is divided by 11.
10
Calculate the remainder when 245 is divided by 91.
63
What is the remainder when 231 is divided by 112?
7
Calculate the remainder when 2649 is divided by 26.
23
Calculate the remainder when 258 is divided by 36.
6
Calculate the remainder when 731 is divided by 4.
3
What is the remainder when 1629 is divided by 137?
122
Calculate the remainder when 166 is divided by 24.
22
Calculate the remainder when 611 is divided by 580.
31
What is the remainder when 367 is divided by 40?
7
Calculate the remainder when 256 is divided by 89.
78
Calculate the remainder when 1888 is divided by 9.
7
Calculate the remainder when 2785 is divided by 19.
11
What is the remainder when 1002 is divided by 17?
16
Calculate the remainder when 214 is divided by 22.
16
What is the remainder when 51899 is divided by 75?
74
What is the remainder when 1226 is divided by 123?
119
Calculate the remainder when 699 is divided by 28.
27
Calculate the remainder when 6321 is divided by 93.
90
Calculate the remainder when 95 is divided by 22.
7
Calculate the remainder when 294 is divided by 287.
7
What is the remainder when 988 is divided by 10?
8
What is the remainder when 349 is divided by 89?
82
Calculate the remainder when 79 is divided by 26.
1
Calculate the remainder when 204 is divided by 15.
9
Calculate the remainder when 18 is divided by 5.
3
Calculate the remainder when 277 is divided by 14.
11
What is the remainder when 240 is divided by 41?
35
Calculate the remainder when 247 is divided by 115.
17
Calculate the remainder when 207 is divided by 40.
7
Calculate the remainder when 43 is divided by 18.
7
Calculate the remainder when 675 is divided by 114.
105
What is the remainder when 1914 is divided by 635?
9
What is the remainder when 193 is divided by 34?
23
Calculate the remainder when 177 is divided by 39.
21
Calculate the remainder when 879 is divided by 125.
4
What is the remainder when 884 is divided by 45?
29
Calculate the remainder when 298 is divided by 97.
7
Calculate the remainder when 209 is divided by 64.
17
Calculate the remainder when 678 is divided by 22.
18
Calculate the remainder when 432 is divided by 115.
87
Calculate the remainder when 206 is divided by 65.
11
Calculate the remainder when 7519 is divided by 80.
79
What is the remainder when 436 is divided by 110?
106
What is the remainder when 1537 is divided by 501?
34
Calculate the remainder when 665 is divided by 67.
62
Calculate the remainder when 1181 is divided by 131.
2
Calculate the remainder when 153 is divided by 87.
66
Calculate the remainder when 383 is divided by 124.
11
Calculate the remainder when 1384 is divided by 73.
70
What is the remainder when 75 is divided by 26?
23
Calculate the remainder when 11230 is divided by 144.
142
Calculate the remainder when 239 is divided by 16.
15
What is the remainder when 1162 is divided by 97?
95
What is the remainder when 291 is divided by 21?
18
Calculate the remainder when 832 is divided by 105.
97
What is the remainder when 197 is divided by 29?
23
Calculate the remainder when 46 is divided by 3.
1
Calculate the remainder when 1014 is divided by 97.
44
Calculate the remainder when 59 is divided by 4.
3
Calculate the remainder when 142 is divided by 29.
26
Calculate the remainder when 238 is divided by 11.
7
Calculate the remainder when 836 is divided by 140.
136
Calculate the remainder when 259 is divided by 3.
1
What is the remainder when 452 is divided by 90?
2
What is the remainder when 285 is divided by 32?
29
Calculate the remainder when 1821 is divided by 455.
1
Calculate the remainder when 108 is divided by 41.
26
What is the remainder when 3473 is divided by 44?
41
What is the remainder when 4992 is divided by 27?
24
What is the remainder when 287 is divided by 276?
11
What is the remainder when 410 is divided by 14?
4
Calculate the remainder when 931 is divided by 296.
43
Calculate the remainder when 2615 is divided by 26.
15
Calculate the remainder when 120 is divided by 51.
18
Calculate the remainder when 44 is divided by 16.
12
What is the remainder when 421 is divided by 125?
46
What is the remainder when 1076 is divided by 522?
32
What is the remainder when 4276 is divided by 138?
136
Calculate the remainder when 328 is divided by 320.
8
What is the remainder when 473 is divided by 80?
73
What is the remainder when 771 is divided by 38?
11
What is the remainder when 2589 is divided by 12?
9
What is the remainder when 2662 is divided by 23?
17
Calculate the remainder when 381 is divided by 138.
105
Calculate the remainder when 42 is divided by 5.
2
What is the remainder when 478 is divided by 48?
46
What is the remainder when 104 is divided by 78?
26
Calculate the remainder when 12102 is divided by 17.
15
Calculate the remainder when 126 is divided by 24.
6
What is the remainder when 638 is divided by 32?
30
Calculate the remainder when 547 is divided by 477.
70
What is the remainder when 266 is divided by 69?
59
Calculate the remainder when 673 is divided by 74.
7
What is the remainder when 1875 is divided by 40?
35
What is the remainder when 39 is divided by 5?
4
Calculate the remainder when 112 is divided by 55.
2
Calculate the remainder when 182 is divided by 49.
35
What is the remainder when 749 is divided by 744?
5
Calculate the remainder when 5530 is divided by 22.
8
What is the remainder when 6512 is divided by 3256?
0
Calculate the remainder when 543 is divided by 64.
31
Calculate the remainder when 89 is divided by 9.
8
Calculate the remainder when 246 is divided by 93.
60
Calculate the remainder when 245 is divided by 129.
116
Calculate the remainder when 112 is divided by 32.
16
What is the remainder when 111 is divided by 60?
51
Calculate the remainder when 95 is divided by 13.
4
Calculate the remainder when 229 is divided by 21.
19
What is the remainder when 267 is divided by 18?
15
Calculate the remainder when 272 is divided by 31.
24
Calculate the remainder when 1639 is divided by 23.
6
Calculate the remainder when 187 is divided by 4.
3
What is the remainder when 3382 is divided by 8?
6
What is the remainder when 128 is divided by 102?
26
What is the remainder when 334 is divided by 68?
62
Calculate the remainder when 183 is divided by 44.
7
What is the remainder when 1049 is divided by 176?
169
What is the remainder when 157 is divided by 59?
39
Calculate the remainder when 205 is divided by 24.
13
What is the